hat is 101201 (base 3) in base 11?
243
What is 1b (base 14) in base 16?
19
What is -1020 (base 5) in base 6?
-343
1a (base 12) to base 4
112
What is 1000 (base 2) in base 9?
8
What is 1110 (base 2) in base 14?
10
Convert 5 (base 6) to base 9.
5
What is 112 (base 3) in base 11?
13
What is 10 (base 4) in base 12?
4
What is -b (base 14) in base 11?
-10
Convert -1100 (base 2) to base 5.
-22
-56 (base 7) to base 2
-101001
-7f (base 16) to base 15
-87
What is 3 (base 6) in base 5?
3
What is 2 (base 9) in base 11?
2
What is -21 (base 15) in base 7?
-43
-110 (base 12) to base 10
-156
Convert 463 (base 7) to base 8.
361
What is -42 (base 15) in base 5?
-222
What is 22 (base 3) in base 8?
10
Convert -7 (base 13) to base 3.
-21
-213 (base 6) to base 11
-74
Convert -6 (base 7) to base 11.
-6
What is 42 (base 5) in base 14?
18
What is -610 (base 7) in base 15?
-151
Convert 1100 (base 2) to base 4.
30
What is 4 (base 5) in base 15?
4
Convert 1 (base 15) to base 6.
1
What is -31 (base 7) in base 5?
-42
24 (base 9) to base 11
20
3 (base 16) to base 6
3
What is 3 (base 15) in base 14?
3
-1044 (base 7) to base 16
-177
What is 3 (base 13) in base 8?
3
What is 251 (base 8) in base 11?
144
Convert 0 (base 13) to base 2.
0
3333 (base 4) to base 5
2010
Convert -1a (base 12) to base 3.
-211
Convert -3 (base 13) to base 2.
-11
25 (base 11) to base 14
1d
3 (base 13) to base 8
3
Convert 26 (base 12) to base 5.
110
-17 (base 14) to base 11
-1a
Convert -202 (base 4) to base 11.
-31
102 (base 4) to base 11
17
What is 1 (base 7) in base 8?
1
What is -b (base 15) in base 13?
-b
What is -59 (base 11) in base 13?
-4c
What is 13 (base 5) in base 8?
10
-256 (base 7) to base 5
-1024
122 (base 9) to base 5
401
33 (base 5) to base 9
20
What is 1000 (base 2) in base 16?
8
What is 11 (base 12) in base 13?
10
What is -5 (base 16) in base 12?
-5
What is -10 (base 8) in base 15?
-8
What is 54 (base 6) in base 12?
2a
What is 0 (base 16) in base 4?
0
2011 (base 3) to base 8
72
What is -21 (base 13) in base 3?
-1000
What is 0 (base 8) in base 9?
0
Convert 90 (base 14) to base 2.
1111110
-20 (base 4) to base 15
-8
1 (base 3) to base 2
1
Convert 100 (base 2) to base 16.
4
Convert -1101 (base 5) to base 8.
-227
-3 (base 4) to base 5
-3
1 (base 15) to base 12
1
18 (base 9) to base 12
15
Convert -1322 (base 4) to base 14.
-8a
Convert 5 (base 11) to base 15.
5
Convert 102 (base 7) to base 10.
51
Convert 450 (base 8) to base 6.
1212
Convert -24 (base 7) to base 10.
-18
Convert 6 (base 12) to base 11.
6
What is 0 (base 5) in base 16?
0
What is 62 (base 10) in base 15?
42
What is -4 (base 12) in base 13?
-4
What is e3 (base 16) in base 10?
227
Convert 8 (base 16) to base 7.
11
What is -2 (base 7) in base 10?
-2
Convert 55 (base 11) to base 16.
3c
What is -2 (base 7) in base 16?
-2
Convert d7 (base 14) to base 5.
1224
Convert -43 (base 8) to base 12.
-2b
Convert -8 (base 10) to base 3.
-22
8 (base 10) to base 7
11
-41 (base 6) to base 13
-1c
39 (base 14) to base 16
33
3 (base 6) to base 14
3
6 (base 9) to base 11
6
What is 7 (base 8) in base 13?
7
-2 (base 4) to base 5
-2
Convert 1010 (base 4) to base 15.
48
Convert 13 (base 16) to base 6.
31
What is 100 (base 3) in base 8?
11
What is -1 (base 15) in base 7?
-1
-11 (base 5) to base 16
-6
What is -10 (base 4) in base 3?
-11
What is -1 (base 15) in base 2?
-1
269 (base 10) to base 7
533
80 (base 15) to base 2
1111000
10 (base 4) to base 16
4
d (base 16) to base 3
111
What is 2d (base 15) in base 16?
2b
What is 0 (base 3) in base 11?
0
Convert -17c (base 13) to base 2.
-100010000
-1 (base 2) to base 3
-1
2 (base 5) to base 11
2
-5d (base 16) to base 3
-10110
Convert -53 (base 6) to base 12.
-29
-1 (base 9) to base 13
-1
-1010 (base 2) to base 4
-22
Convert 1 (base 7) to base 14.
1
What is 3 (base 10) in base 9?
3
What is -96 (base 16) in base 15?
-a0
Convert 10 (base 3) to base 11.
3
-c (base 16) to base 8
-14
Convert 255 (base 12) to base 13.
212
-100 (base 14) to base 10
-196
Convert 11 (base 5) to base 15.
6
Convert 29 (base 15) to base 3.
1110
Convert 16c (base 13) to base 5.
2014
What is -2 (base 10) in base 8?
-2
Convert -205 (base 7) to base 14.
-75
What is 1 (base 6) in base 16?
1
-4 (base 10) to base 9
-4
10 (base 4) to base 10
4
-6 (base 11) to base 5
-11
1010010 (base 2) to base 11
75
What is -1 (base 4) in base 13?
-1
277 (base 8) to base 9
232
-23 (base 12) to base 13
-21
Convert -a (base 11) to base 3.
-101
What is 11 (base 4) in base 7?
5
Convert 1110 (base 4) to base 6.
220
What is -177 (base 11) in base 3?
-21121
What is d (base 15) in base 9?
14
What is -170 (base 14) in base 16?
-126
What is -262 (base 8) in base 16?
-b2
What is -10011001 (base 2) in base 10?
-153
What is 9 (base 12) in base 13?
9
What is 30 (base 4) in base 7?
15
What is 3c (base 14) in base 8?
66
What is 1a (base 11) in base 12?
19
8 (base 15) to base 14
8
0 (base 4) to base 13
0
What is 100100 (base 2) in base 16?
24
Convert -150 (base 8) to base 4.
-1220
What is -6 (base 12) in base 3?
-20
Convert -2 (base 8) to base 4.
-2
Convert -10 (base 9) to base 5.
-14
-1 (base 14) to base 5
-1
-112 (base 4) to base 11
-20
Convert 101 (base 7) to base 4.
302
What is 12 (base 16) in base 2?
10010
12212 (base 3) to base 7
314
What is 1 (base 11) in base 13?
1
15 (base 10) to base 12
13
Convert -1222 (base 3) to base 13.
-41
3 (base 8) to base 9
3
What is -2 (base 12) in base 8?
-2
What is -50 (base 11) in base 13?
-43
4 (base 6) to base 12
4
Convert 13 (base 6) to base 14.
9
Convert -13 (base 11) to base 15.
-e
What is -2 (base 3) in base 7?
-2
What is 7 (base 16) in base 7?
10
Convert -43 (base 8) to base 15.
-25
14 (base 7) to base 4
23
Convert 3 (base 4) to base 12.
3
2 (base 11) to base 13
2
23 (base 6) to base 2
1111
11 (base 9) to base 14
a
What is 0 (base 3) in base 16?
0
Convert -14 (base 11) to base 10.
-15
What is 1 (base 10) in base 15?
1
What is 3 (base 14) in base 10?
3
-476 (base 8) to base 7
-633
What is 132 (base 10) in base 3?
11220
0 (base 14) to base 16
0
-133 (base 4) to base 6
-51
What is 2022 (base 3) in base 13?
4a
12 (base 10) to base 16
c
What is 2 (base 8) in base 14?
2
Convert 6 (base 14) to base 10.
6
-2 (base 11) to base 8
-2
What is 121 (base 6) in base 15?
34
What is -4 (base 8) in base 16?
-4
What is -124 (base 6) in base 10?
-52
3 (base 4) to base 8
3
Convert 62 (base 7) to base 16.
2c
-213 (base 8) to base 16
-8b
6 (base 11) to base 2
110
What is 106 (base 9) in base 16?
57
-11 (base 2) to base 9
-3
What is 23 (base 4) in base 7?
14
-10 (base 3) to base 4
-3
1 (base 6) to base 3
1
What is -55 (base 6) in base 4?
-203
What is -22 (base 3) in base 13?
-8
Convert a (base 12) to base 8.
12
0 (base 6) to base 11
0
What is 2 (base 16) in base 13?
2
-12 (base 9) to base 4
-23
Convert 70 (base 8) to base 9.
62
What is -32 (base 4) in base 5?
-24
Convert -101 (base 5) to base 15.
-1b
What is 43 (base 11) in base 8?
57
1 (base 6) to base 5
1
-6 (base 12) to base 14
-6
Convert 1 (base 8) to base 7.
1
Convert -101000111 (base 2) to base 4.
-11013
What is 3 (base 16) in base 10?
3
-41 (base 6) to base 9
-27
4 (base 14) to base 6
4
What is 0 (base 6) in base 12?
0
What is -2 (base 15) in base 9?
-2
Convert 10012 (base 3) to base 8.
126
4 (base 6) to base 11
4
What is 1b (base 12) in base 10?
23
Convert -21 (base 3) to base 12.
-7
1142 (base 5) to base 4
2230
-2 (base 4) to base 11
-2
What is -1 (base 12) in base 6?
-1
What is 100 (base 2) in base 7?
4
Convert 1001000 (base 2) to base 7.
132
1 (base 12) to base 2
1
What is -b (base 15) in base 11?
-10
Convert 6 (base 11) to base 7.
6
Convert -6 (base 14) to base 5.
-11
Convert 53 (base 14) to base 13.
58
63 (base 13) to base 3
10000
101001 (base 3) to base 10
271
-3 (base 10) to base 3
-10
Convert a (base 11) to base 14.
a
-3 (base 5) to base 3
-10
What is -1 (base 4) in base 15?
-1
Convert 2 (base 11) to base 5.
2
Convert -123 (base 5) to base 11.
-35
-5 (base 7) to base 4
-11
Convert -17 (base 8) to base 5.
-30
Convert 1 (base 13) to base 9.
1
What is 1 (base 13) in base 12?
1
5 (base 8) to base 5
10
What is 4 (base 12) in base 13?
4
What is -25 (base 7) in base 15?
-14
What is 18c (base 13) in base 8?
435
What is 1 (base 6) in base 4?
1
-12 (base 3) to base 8
-5
1c (base 15) to base 2
11011
1b (base